x(i). Let t be l(-1). Let k = t + 145. What is the tens digit of k?
6
Let k = 17 + -23. Let w be (-401 - k)*(-3)/5. Suppose 5*u - 10 = 0, -4*r - 65 + w = 2*u. What is the tens digit of r?
4
Suppose 0 = 4*l + 5*p - 1161, 2*l - 3*p - 199 = 398. Suppose -7*y + l = -0*y. What is the units digit of y?
2
Let f be 938/(-182) - (-4)/26. Let k(y) = 115*y - 6. Let m(b) = 58*b - 3. Let p(t) = f*m(t) + 3*k(t). What is the tens digit of p(1)?
5
Let c = -14 + 13. Let l = c + 1. Suppose l = k + k - 78. What is the units digit of k?
9
Let a(p) be the second derivative of -7/2*p**2 - 1/2*p**3 - 1/20*p**5 + 0 + 6*p - 1/4*p**4. What is the tens digit of a(-4)?
2
Let n(h) = 0*h**2 + 0*h**2 + h**2 - 5 - 11*h - 7. Let l be n(11). Let x = 2 - l. What is the units digit of x?
4
What is the units digit of (0 - 1174/6)/((-4)/12)?
7
Let c(o) = 2*o - 4. Let v be c(5). Suppose 4*g - 16 = -4*s, 5*s - 3 - 17 = 5*g. Suppose v*d - 4 - 14 = g. What is the units digit of d?
3
Let u(g) = g**3 - 8*g**2 - 27*g - 2. Suppose 4*p = s - 8, -3*s = -2*s - p - 11. What is the tens digit of u(s)?
5
Let s be (-2 + 1 + 122)*(7 + -6). Suppose 2*x - 264 = -5*c, -5*x + c + 485 = -s. What is the tens digit of x?
2
Suppose 13*i = 14639 + 28690. What is the thousands digit of i?
3
Suppose -3*n - 3*o - 2*o + 127 = 0, -n + 5*o = -49. What is the units digit of 47 - n - (6*53)/(-2)?
2
Let p be (-1 - 0) + 0/(-1). Let x(a) = -26*a**2 - 4*a - 3. Let q be x(p). Let r = q + 53. What is the units digit of r?
8
Suppose 3*x - 15 = -0*x. Suppose 0*w - w + 69 = -5*z, -258 = -x*w - 4*z. What is the tens digit of w?
5
Let h = 18 + -18. Suppose 2*g - 3*p = -h*p - 75, -2*p = g + 48. Let k = -1 - g. What is the tens digit of k?
4
Suppose -2*t = -2*v + 564, 2*v + 2*v - 2*t - 1120 = 0. What is the hundreds digit of v?
2
Let u be -4*(-9 - 0/(-1)). Suppose 3*r + r - 80 = -4*c, -3*r + u = -5*c. Let f = r + -10. What is the units digit of f?
7
Suppose b + 113*h = 110*h + 3999, -3*b = -3*h - 12021. What is the tens digit of b?
0
Suppose -4*y = -8 - 0. Let m be y/(-10) + 183/15. What is the units digit of 4/m*3 + 15?
6
Let o(z) = 3*z + 17*z + 16 - 7*z. What is the hundreds digit of o(8)?
1
Let x(c) = c**2 + 2*c - 10. Let q be x(-5). Suppose 107 = -2*t + q. Let v = 14 - t. What is the units digit of v?
5
Let s = 8 - 10. Let j be -8*s/2*1. What is the units digit of (-4)/j*6 + 59?
6
Suppose q + 3*q - 44 = 0. Suppose 0 = -q*l + 8*l + 150. What is the units digit of l?
0
Let n(l) = 5*l. Let q be n(1). Suppose -9*c + 294 = 2*v - 11*c, -2*v = -q*c - 306. What is the units digit of v?
3
Let y(t) be the first derivative of 7*t**2/2 - 46*t - 2. What is the units digit of y(13)?
5
Suppose -2*g - g + 1133 = b, b + g - 1143 = 0. What is the units digit of b?
8
Let h(r) = -r - 13. Let c(z) = z**2 + z + 27. Let i(o) = 2*c(o) + 5*h(o). What is the units digit of i(-7)?
8
Let n = -48 + 60. Suppose -249 = -n*p + 9*p. What is the tens digit of p?
8
Let r = 3728 - 2586. What is the units digit of r?
2
Let w(l) = 100*l**2 - 19*l + 4. What is the tens digit of w(5)?
0
Suppose -4*v = -3*d - 5369, 0 = -8*v + 9*v - d - 1341. What is the tens digit of v?
4
Suppose -2*a + 4*a = 5*p + 20, 3*a = p + 4. What is the tens digit of (0 - a - 12)*-2?
2
Let h(s) = -7*s + 4 - 8*s + 39*s - 16*s. Let g(m) = m**2 - 7*m + 3. Let x be g(7). What is the tens digit of h(x)?
2
Suppose -2*g - g - 54 = 0. Let y = -15 - g. Suppose 165 = 2*p + y*p. What is the tens digit of p?
3
Suppose -5*o = 9*o - 3066. Suppose j + x = 156, o = 4*j + 2*x - 407. What is the tens digit of j?
5
Let c = 3131 + -2050. What is the tens digit of c?
8
Let o = -67 - -95. Suppose -3*v = -2*v - 2*h - o, 0 = -v - 2*h + 40. What is the tens digit of v?
3
Let w(c) = 6*c + 194. What is the hundreds digit of w(8)?
2
Let u(y) = -y**3 - 7*y**2 + 9. Let q be 63/(-6)*2/3. What is the units digit of u(q)?
9
Let k(r) = -r**2 - 11*r + 10. Let f be k(-12). What is the tens digit of 64 - (2 - (-3 + f/(-1)))?
6
Suppose -2554 + 378 = -8*b. What is the tens digit of b?
7
Suppose 0 = 11*w - 8*w - 12. Suppose 3*o = 6*o - w*u - 308, -u - 311 = -3*o. What is the hundreds digit of o?
1
Let m = 17 - 18. What is the tens digit of (m - 2)*155/15*-2?
6
Suppose -43*w + 27*w = -15552. What is the hundreds digit of w?
9
Let s = -22 - -14. Let h = s - -13. Suppose -j + 2*t + 28 = 0, -h*t = -2*t - 6. What is the tens digit of j?
3
What is the hundreds digit of 1718/7 - 36/(-63)?
2
Let s(z) = -z**2 - 14*z + 9. Let i(v) = v - 7. Let u be i(0). What is the tens digit of s(u)?
5
Let u = -111 - -78. Let p = u + 34. What is the units digit of p?
1
Let f(s) = 10*s + 12*s**2 + 12 + 22 + s**3 - 22 - 2*s**2. Let i be f(-9). Suppose 0 = 2*n + 2*n - 4*o - 136, i*o = 9. What is the tens digit of n?
3
What is the units digit of (-1368)/(-40) - (-4)/(-20)?
4
Let n(l) = -2*l**2 - l + 3. Let u be n(2). Let a = -22 + -7. Let m = u - a. What is the units digit of m?
2
Let i = -3104 - -5197. What is the hundreds digit of i?
0
Suppose -4*v - 4*j + 150 = -2*j, -81 = -2*v - 3*j. Suppose -6*l + 4*l = -v. Suppose 4*c - 4*x = 78 - l, -x = 2. What is the units digit of c?
3
Let m be -1 + 2 + (2 - -1). Suppose 178 = 2*r + 10. Suppose -m*i = -i - r. What is the tens digit of i?
2
Let p(i) = i**3 + 9*i**2 - 10*i + 3. Let k be p(-10). Suppose -q = -3*h + 2*h + 765, -5*h = -k*q - 2285. What is the units digit of 2/6 + q/(-30)?
6
Let q(k) = 2*k - 6. Let g be q(4). Suppose g*v = -v. Suppose 36 = 2*h - v*a + a, -3*h + 53 = a. What is the tens digit of h?
1
Let q = -86 - -137. Suppose -3*o + 0*o - q = -s, 0 = 2*s - o - 122. What is the tens digit of s?
6
Suppose 18 = 6*q + 3*q. Suppose 5*f = 0, -4*d + q*f + 152 = -0*f. What is the tens digit of d?
3
Suppose f - 3*b = 113, 9*f - 6*f - 350 = -2*b. What is the tens digit of f?
1
Suppose -2*k - 9 = -5*k. Let l(x) = -k*x - 1 + x + 9*x**2 + 3*x. What is the units digit of l(-2)?
3
Let u(p) = 0 + 2 + 4 + p. Let f be u(-5). What is the units digit of (f + -4)/(3 + -4)?
3
Let b(j) = -2*j**2 - 6*j + 8. Let t be b(4). Let v(a) = a**3 + 4*a**2 - 9*a - 1. Let r be v(-7). Let n = t - r. What is the tens digit of n?
3
Suppose 68*v - 20 = 72*v, -2*g + v + 1705 = 0. What is the hundreds digit of g?
8
Let f = 5 + -13. Let a be f + 5 - (-9 - -1). Suppose -4*b + 5 = a*l - 2, 7 = b - 4*l. What is the units digit of b?
3
Let g(a) = -116*a + 2849. What is the tens digit of g(0)?
4
Let k(z) be the third derivative of z**5/60 - z**4/3 - 4*z**3/3 - 4*z**2. Let i be k(8). What is the tens digit of (10/i)/(7/(-196))?
3
Let f be -38*4*(-3)/(-6). Let c = f + 139. What is the units digit of c?
3
Suppose -5*q + q - 32 = -l, 0 = -l - q + 22. What is the tens digit of l?
2
Let j = -25 + 17. Let g(l) = -4*l - 3. What is the units digit of g(j)?
9
Let v be (-4 - -1)/((-30)/620). Suppose 263 = 13*g - v. What is the units digit of g?
5
Let b(d) = 2*d + 7. Let p = -12 + 16. Suppose q + 6 = 2*j - 5*j, -40 = -p*q + 4*j. What is the tens digit of b(q)?
1
Suppose -m + 49 = -83. Let w = -72 + m. What is the tens digit of -4 - (-1 + w)/(-1)?
5
Suppose -1587 - 192 = -3*b + 2*p, -5*p = 0. What is the units digit of b?
3
What is the thousands digit of 190168/154 + (-12)/14?
1
What is the units digit of (-11)/110*-8*14655/6?
4
Suppose 4*j + 6 - 22 = 0. Suppose -68 = -0*l - l + 3*z, 229 = 3*l - j*z. What is the tens digit of l?
8
Suppose 14*x = 12*x + 2. Let a be (x*-4)/(2/(-70)). Suppose j + a = 2*s - 3*j, 306 = 5*s + j. What is the units digit of s?
2
What is the tens digit of (0 + 0 - (4 + -2)) + 912?
1
What is the tens digit of (-34516)/(-24) - 21/126?
3
Let c = -16 - -20. Suppose c*m + 2*a = 55 - 19, -5*m - 3*a = -45. Suppose m*f - 6*f - 72 = 0. What is the tens digit of f?
2
Suppose -3*v - 2 = -8. Suppose -k = -z + 22, -3*k + 19 = -4*k - v*z. What is the units digit of 7/(-2)*12/k?
2
What is the tens digit of (-693)/84*16/(-6)?
2
What is the units digit of 9/((-567)/(-18)) + 7738/14?
3
Let l(x) = 26*x**3 - x + 2. Let g be l(2). Suppose -5*a = -182 - g. Suppose 7*b - a = 4*b. What is the tens digit of b?
2
Suppose 2*s = 464 + 246. What is the units digit of s?
5
Let g(m) = 2*m**2 + 12*m - 37. Let f be g(4). Suppose -f = 5*k - 233. What is the tens digit of k?
3
Let h(i) = -4*i - 15. Let f be h(-3). Let t = f + 73. What is the tens digit of t?
7
What